{"id":1574,"date":"2024-09-13T14:11:03","date_gmt":"2024-09-13T14:11:03","guid":{"rendered":"https:\/\/wds-service.eu\/?page_id=1574"},"modified":"2025-12-30T14:51:07","modified_gmt":"2025-12-30T14:51:07","slug":"home","status":"publish","type":"page","link":"https:\/\/wds-service.eu\/","title":{"rendered":"Home"},"content":{"rendered":"\n\n\t<ul>\n\t\t\t<li>\n\t\t\t\t95% Erfolgsquote f\u00fcr mehr Geld!\n\t\t\t<\/li>\n\t\t\t<li>\n\t\t\t\t\u00dcber 35 Jahre Expertise!\n\t\t\t<\/li>\n\t\t\t<li>\n\t\t\t\t300.000 begleitete Geb\u00e4ude-Wassersch\u00e4den!\n\t\t\t<\/li>\n\t\t\t<li>\n\t\t\t\tAnspruch auch r\u00fcckwirkend m\u00f6glich!\n\t\t\t<\/li>\n\t\t\t<li>\n\t\t\t\tSofortgeld Auszahlung!\n\t\t\t<\/li>\n\t\t\t<li>\n\t\t\t\tKostenerstattung ohne Risiko!\n\t\t\t<\/li>\n\t\t\t<li>\n\t\t\t\t100% kostenlos!\n\t\t\t<\/li>\n\t\t<\/ul>\n\t\t\t<a href=\"tel:+4981057305056\" target=\"_self\">\n\t\t\t\t\t\tRufen Sie uns an!\n\t\t\t\t\t<\/a>\n\t\t\t<a href=\"https:\/\/wds-service.eu\/rueckruf\/\" target=\"_self\">\n\t\t\t\t\t\tWir rufen zur\u00fcck!\n\t\t\t\t\t<\/a>\n\t\t\t<a href=\"https:\/\/wds-service.eu\/anspruch-berechnen\/\" target=\"_self\">\n\t\t\t\t\t\tJetzt kostenlos pr\u00fcfen!\n\t\t\t\t\t<\/a>\n\t<p>WDS hilft Eigent\u00fcmern, Immobilienbesitzern und Versicherungsnehmern professionell und zuverl\u00e4ssig bei der Regulierung von Wassersch\u00e4den gegen\u00fcber Versicherungen. Insbesondere sichern wir bislang nicht zur Kenntnis gebrachte\/erlangte monet\u00e4re und rechtlichen Anspr\u00fcche der Geb\u00e4udeeigent\u00fcmer\/Versicherungsnehmer &#8211; <strong>einfach: erheblich mehr Geld durch WDS.<\/strong><\/p>\n<h2>\n\t\t\tSo einfach geht&#8217;s! Wasserschaden-Entsch\u00e4digung berechnen!\t<\/h2>\n\t\t\t\t<img decoding=\"async\" class=\"lazyload\" src=\"data:image\/gif;base64,R0lGODlhAQABAIAAAAAAAP\/\/\/yH5BAEAAAAALAAAAAABAAEAAAIBRAA7\" data-src=\"https:\/\/wds-service.eu\/wp-content\/uploads\/2023\/08\/px.png\" alt=\"px\" itemprop=\"image\" height=\"2\" width=\"2\" title=\"px\" onerror=\"this.style.display='none'\" loading=\"lazy\" \/><noscript><img decoding=\"async\" class=\"lazyload\" src=\"https:\/\/wds-service.eu\/wp-content\/uploads\/2023\/08\/px.png\" alt=\"px\" itemprop=\"image\" height=\"2\" width=\"2\" title=\"px\" onerror=\"this.style.display='none'\" loading=\"lazy\" \/><\/noscript>\n\t\t\t\t<img decoding=\"async\" class=\"lazyload\" src=\"data:image\/gif;base64,R0lGODlhAQABAIAAAAAAAP\/\/\/yH5BAEAAAAALAAAAAABAAEAAAIBRAA7\" data-src=\"https:\/\/wds-service.eu\/wp-content\/uploads\/2023\/08\/px.png\" alt=\"px\" itemprop=\"image\" height=\"2\" width=\"2\" title=\"px\" onerror=\"this.style.display='none'\" loading=\"lazy\" \/><noscript><img decoding=\"async\" class=\"lazyload\" src=\"https:\/\/wds-service.eu\/wp-content\/uploads\/2023\/08\/px.png\" alt=\"px\" itemprop=\"image\" height=\"2\" width=\"2\" title=\"px\" onerror=\"this.style.display='none'\" loading=\"lazy\" \/><\/noscript>\n<h2>\n\t\t<a href=\"https:\/\/wds-service.eu\/anspruch-berechnen\/\" title=\"Ohne Risiko mehr Geld - so geht&#039;s!\"  target=\"_self\">\n\t\t\tOhne Risiko mehr Geld &#8211; so geht&#8217;s!\t\t<\/a>\n\t<\/h2>\n\t<h3>Sofortgeld: Wie geht das?<\/h3>\n<p>Sie treten Ihre Schadenersatzanspr\u00fcche gegen die Versicherungsgesellschaft an uns ab und wir erstatten Ihnen sofort und unb\u00fcrokratisch die bereits zugesicherte Versicherungsleistung + das Zusatzgeld aus.\u00a0 Wir lassen uns diese Aufwendungen und unsere Leistungen dann von der Versicherung erstatten.<\/p>\n\t<h3>Schadenbegleitung: Wie geht das?<\/h3>\n<p>WDS handelt in Ihrem Namen und setzt Ihr Recht gegen\u00fcber der Versicherung durch. WDS beha\u0308lt <strong>nur im Erfolgsfall<\/strong> eine Provision auf die <strong>zusa\u0308tzliche Erstattung<\/strong>. Sie erhalten <strong>immer<\/strong> den von der Versicherung zugesicherten Betrag.<\/p>\n\t\t\t\t<img decoding=\"async\" class=\"lazyload\" src=\"data:image\/gif;base64,R0lGODlhAQABAIAAAAAAAP\/\/\/yH5BAEAAAAALAAAAAABAAEAAAIBRAA7\" data-src=\"https:\/\/wds-service.eu\/wp-content\/uploads\/2023\/08\/px.png\" alt=\"px\" itemprop=\"image\" height=\"2\" width=\"2\" title=\"px\" onerror=\"this.style.display='none'\" loading=\"lazy\" \/><noscript><img decoding=\"async\" class=\"lazyload\" src=\"https:\/\/wds-service.eu\/wp-content\/uploads\/2023\/08\/px.png\" alt=\"px\" itemprop=\"image\" height=\"2\" width=\"2\" title=\"px\" onerror=\"this.style.display='none'\" loading=\"lazy\" \/><\/noscript>\n<h2>\n\t\t\tEin Beispiel &#8211; so errechnet sich Ihre Ausgleichzahlung!\t<\/h2>\n\t<p>Anhand dieser Beispielrechnung zeigen wir Ihnen, wie eine erfolgreiche Schadensbegleitung durch WDS aussehen kann.<\/p>\n\t\t\t\t<img decoding=\"async\" class=\"lazyload\" src=\"data:image\/gif;base64,R0lGODlhAQABAIAAAAAAAP\/\/\/yH5BAEAAAAALAAAAAABAAEAAAIBRAA7\" data-src=\"https:\/\/wds-service.eu\/wp-content\/uploads\/2023\/08\/px.png\" alt=\"px\" itemprop=\"image\" height=\"2\" width=\"2\" title=\"px\" onerror=\"this.style.display='none'\" loading=\"lazy\" \/><noscript><img decoding=\"async\" class=\"lazyload\" src=\"https:\/\/wds-service.eu\/wp-content\/uploads\/2023\/08\/px.png\" alt=\"px\" itemprop=\"image\" height=\"2\" width=\"2\" title=\"px\" onerror=\"this.style.display='none'\" loading=\"lazy\" \/><\/noscript>\n<h2>\n\t\t\tWir sind Ihre Wasserschaden-Experten!\t<\/h2>\n\tWir unterst\u00fctzen Sie in Schadenf\u00e4llen kurzfristig und bieten Ihnen durch unser langj\u00e4hriges Know How:<br \/>\nSachversta\u0308ndige, Versicherungsexperten und Juristen mit <strong>100% Zuverl\u00e4ssigkeit<\/strong>. Mit \u00fcber <strong>35 Jahren Erfahrung<\/strong> und \u00fcber <strong>300.000 erfolgreich begleiteten Geba\u0308ude-Wasserscha\u0308den<\/strong> helfen wir ihnen bei der Wasserschaden-Abwicklung.\n\t\t\t<h3> Sofortauszahlung des Versicherungsbetrages m\u00f6glich<\/h3>\t\t\n\t\t\t<h3> Hilfe bei der Wasserschadenabwicklung<\/h3>\t\t\n\t\t\t<h3> Hilfe bei r\u00fcckwirkendem Schadenersatz von bereits abgewickelten Versicherungsregulierungen<\/h3>\t\t\n\t\t\t<h3> Schadenbegleitung durch Sachverst\u00e4ndige, Versicherungsexperten und Juristen<\/h3>\t\t\n\t<h3>\n\t\t\tWir pr\u00fcfen Ihren bereits regulierten Wasserschaden auf angemessene  Erstattungen oder weitere Schadenersatzanspr\u00fcche! Auch r\u00fcckwirkend!\t<\/h3>\n\t\t\t<a href=\"tel:+4981057305056\" target=\"_self\">\n\t\t\t\t\t\tRufen Sie uns jetzt an!\n\t\t\t\t\t<\/a>\n\t\t\t\t<img decoding=\"async\" class=\"lazyload\" src=\"data:image\/gif;base64,R0lGODlhAQABAIAAAAAAAP\/\/\/yH5BAEAAAAALAAAAAABAAEAAAIBRAA7\" data-src=\"https:\/\/wds-service.eu\/wp-content\/uploads\/2023\/08\/px.png\" alt=\"px\" itemprop=\"image\" height=\"2\" width=\"2\" title=\"px\" onerror=\"this.style.display='none'\" loading=\"lazy\" \/><noscript><img decoding=\"async\" class=\"lazyload\" src=\"https:\/\/wds-service.eu\/wp-content\/uploads\/2023\/08\/px.png\" alt=\"px\" itemprop=\"image\" height=\"2\" width=\"2\" title=\"px\" onerror=\"this.style.display='none'\" loading=\"lazy\" \/><\/noscript>\n<h2>\n\t\t\tSofortgeld erhalten! So geht&#8217;s.\t<\/h2>\n<h3>Treten Sie Ihren Schaden an uns ab und erhalten Sie Ihre Sofortauszahlung!<\/h3>\n<p>Wir bezahlen Ihnen sofort den von der Versicherungsgesellschaft bereits zugesagten Betrag zuz\u00fcglich unserem Mehrwert (Beispiel: \u20ac15.000 Versicherungsleistung &#8211; wir zahlen Ihnen \u20ac22.500 sofort aus!)<\/p>\n\t\t\t\t<img decoding=\"async\" class=\"lazyload\" src=\"data:image\/gif;base64,R0lGODlhAQABAIAAAAAAAP\/\/\/yH5BAEAAAAALAAAAAABAAEAAAIBRAA7\" data-src=\"https:\/\/wds-service.eu\/wp-content\/uploads\/2024\/04\/euro-coins.jpg\" alt=\"Bild von viel Geld als Ausgleichszahlung. Symbolisiert diesen Text: Sofortgeld erhalten! So geht&#039;s. Treten Sie Ihren Schaden an uns ab und erhalten Sie Ihre Sofortauszahlung! Wir bezahlen Sie sofort aus! \u00dcber der zugesagten Versicherungsregulierung (Beispiel: 15.000 Versicherungssumme - wir zahlen Ihnen 22.500 sofort aus! euro-coins Erfolgreicher: Unsere Erfolgsquote ist 95% Einfacher: Ihr Aufwand ist nur 2 Minuten Risikolos: Durch uns fallen keine Kosten an! Schnell: Sie erhalten ihr Geld sofort\" itemprop=\"image\" height=\"534\" width=\"800\" title=\"euro-coins\" onerror=\"this.style.display='none'\" loading=\"lazy\" \/><noscript><img decoding=\"async\" class=\"lazyload\" src=\"https:\/\/wds-service.eu\/wp-content\/uploads\/2024\/04\/euro-coins.jpg\" alt=\"Bild von viel Geld als Ausgleichszahlung. Symbolisiert diesen Text: Sofortgeld erhalten! So geht&#039;s. Treten Sie Ihren Schaden an uns ab und erhalten Sie Ihre Sofortauszahlung! Wir bezahlen Sie sofort aus! \u00dcber der zugesagten Versicherungsregulierung (Beispiel: 15.000 Versicherungssumme - wir zahlen Ihnen 22.500 sofort aus! euro-coins Erfolgreicher: Unsere Erfolgsquote ist 95% Einfacher: Ihr Aufwand ist nur 2 Minuten Risikolos: Durch uns fallen keine Kosten an! Schnell: Sie erhalten ihr Geld sofort\" itemprop=\"image\" height=\"534\" width=\"800\" title=\"euro-coins\" onerror=\"this.style.display='none'\" loading=\"lazy\" \/><\/noscript>\n<strong>Erfolgreicher<\/strong>:<br \/>\nUnsere Erfolgsquote ist 95%\n<strong>Einfacher<\/strong>:<br \/>\nNur 2 Minuten Aufwand f\u00fcr Sie!\n<strong>Schnell<\/strong>:<br \/>\nSie erhalten ihr Geld sofort!\n\t\t\t<a href=\"https:\/\/wds-service.eu\/anspruch-berechnen\/\" target=\"_self\">\n\t\t\t\t\t\tJETZT ONLINE SCHADENUNTERLAGEN HOCHLADEN\n\t\t\t\t\t<\/a>\n\t\t\t\t<img decoding=\"async\" class=\"lazyload\" src=\"data:image\/gif;base64,R0lGODlhAQABAIAAAAAAAP\/\/\/yH5BAEAAAAALAAAAAABAAEAAAIBRAA7\" data-src=\"https:\/\/wds-service.eu\/wp-content\/uploads\/2023\/08\/px.png\" alt=\"px\" itemprop=\"image\" height=\"2\" width=\"2\" title=\"px\" onerror=\"this.style.display='none'\" loading=\"lazy\" \/><noscript><img decoding=\"async\" class=\"lazyload\" src=\"https:\/\/wds-service.eu\/wp-content\/uploads\/2023\/08\/px.png\" alt=\"px\" itemprop=\"image\" height=\"2\" width=\"2\" title=\"px\" onerror=\"this.style.display='none'\" loading=\"lazy\" \/><\/noscript>\n<h2>\n\t\t\tDas sagen unsere zufriedenen Kunden:\t<\/h2>\n\t\t\t\t<img decoding=\"async\" class=\"lazyload\" src=\"data:image\/gif;base64,R0lGODlhAQABAIAAAAAAAP\/\/\/yH5BAEAAAAALAAAAAABAAEAAAIBRAA7\" data-src=\"https:\/\/wds-service.eu\/wp-content\/uploads\/2023\/08\/px.png\" alt=\"px\" itemprop=\"image\" height=\"2\" width=\"2\" title=\"px\" onerror=\"this.style.display='none'\" loading=\"lazy\" \/><noscript><img decoding=\"async\" class=\"lazyload\" src=\"https:\/\/wds-service.eu\/wp-content\/uploads\/2023\/08\/px.png\" alt=\"px\" itemprop=\"image\" height=\"2\" width=\"2\" title=\"px\" onerror=\"this.style.display='none'\" loading=\"lazy\" \/><\/noscript>\n\n","protected":false},"excerpt":{"rendered":"<p>95% Erfolgsquote f\u00fcr mehr Geld! \u00dcber 35 Jahre Expertise! 300.000 begleitete Geb\u00e4ude-Wassersch\u00e4den! Anspruch auch r\u00fcckwirkend m\u00f6glich! Sofortgeld Auszahlung! Kostenerstattung ohne Risiko! 100% kostenlos! Rufen Sie uns an! Wir rufen zur\u00fcck! Jetzt kostenlos pr\u00fcfen! WDS hilft Eigent\u00fcmern, Immobilienbesitzern und Versicherungsnehmern professionell und zuverl\u00e4ssig bei der Regulierung von Wassersch\u00e4den gegen\u00fcber Versicherungen. Insbesondere sichern wir bislang nicht zur&hellip;<\/p>\n","protected":false},"author":1,"featured_media":0,"parent":0,"menu_order":0,"comment_status":"closed","ping_status":"closed","template":"","meta":{"footnotes":""},"class_list":["post-1574","page","type-page","status-publish","hentry"],"_links":{"self":[{"href":"https:\/\/wds-service.eu\/index.php?rest_route=\/wp\/v2\/pages\/1574","targetHints":{"allow":["GET"]}}],"collection":[{"href":"https:\/\/wds-service.eu\/index.php?rest_route=\/wp\/v2\/pages"}],"about":[{"href":"https:\/\/wds-service.eu\/index.php?rest_route=\/wp\/v2\/types\/page"}],"author":[{"embeddable":true,"href":"https:\/\/wds-service.eu\/index.php?rest_route=\/wp\/v2\/users\/1"}],"replies":[{"embeddable":true,"href":"https:\/\/wds-service.eu\/index.php?rest_route=%2Fwp%2Fv2%2Fcomments&post=1574"}],"version-history":[{"count":13,"href":"https:\/\/wds-service.eu\/index.php?rest_route=\/wp\/v2\/pages\/1574\/revisions"}],"predecessor-version":[{"id":2269,"href":"https:\/\/wds-service.eu\/index.php?rest_route=\/wp\/v2\/pages\/1574\/revisions\/2269"}],"wp:attachment":[{"href":"https:\/\/wds-service.eu\/index.php?rest_route=%2Fwp%2Fv2%2Fmedia&parent=1574"}],"curies":[{"name":"wp","href":"https:\/\/api.w.org\/{rel}","templated":true}]}}